{"id":11,"date":"2025-11-07T20:15:02","date_gmt":"2025-11-07T20:15:02","guid":{"rendered":"https:\/\/wsmmm-05-25-02.wifiblogs.at\/?page_id=11"},"modified":"2025-11-08T13:16:50","modified_gmt":"2025-11-08T13:16:50","slug":"herzlich-willkommen","status":"publish","type":"page","link":"https:\/\/wsmmm-05-25-02.wifiblogs.at\/?page_id=11","title":{"rendered":"Herzlich Willkommen!"},"content":{"rendered":"\n<div style=\"height:100px\" aria-hidden=\"true\" class=\"wp-block-spacer\"><\/div>\n\n\n\n<h1 class=\"wp-block-heading alignfull has-text-align-center has-manrope-font-family\">Herzlich Willkommen bei Brautgefl\u00fcster!<\/h1>\n\n\n\n<div style=\"height:100px\" aria-hidden=\"true\" class=\"wp-block-spacer\"><\/div>\n\n\n\n<div class=\"wp-block-group alignfull has-base-background-color has-background has-global-padding is-layout-constrained wp-container-core-group-is-layout-0c9c989a wp-block-group-is-layout-constrained\" style=\"min-height:0vh;margin-top:0;margin-bottom:0;padding-top:var(--wp--preset--spacing--70);padding-right:var(--wp--preset--spacing--40);padding-bottom:var(--wp--preset--spacing--70);padding-left:var(--wp--preset--spacing--40)\">\n<div class=\"wp-block-columns is-layout-flex wp-container-core-columns-is-layout-28f84493 wp-block-columns-is-layout-flex\">\n<div class=\"wp-block-column is-layout-flow wp-block-column-is-layout-flow\">\n<figure class=\"wp-block-image size-full\"><img loading=\"lazy\" decoding=\"async\" width=\"446\" height=\"297\" src=\"https:\/\/wsmmm-05-25-02.wifiblogs.at\/wp-content\/uploads\/2025\/11\/Bild2.png\" alt=\"\" class=\"wp-image-22\" srcset=\"https:\/\/wsmmm-05-25-02.wifiblogs.at\/wp-content\/uploads\/2025\/11\/Bild2.png 446w, https:\/\/wsmmm-05-25-02.wifiblogs.at\/wp-content\/uploads\/2025\/11\/Bild2-300x200.png 300w\" sizes=\"auto, (max-width: 446px) 100vw, 446px\" \/><\/figure>\n<\/div>\n\n\n\n<div class=\"wp-block-column is-layout-flow wp-block-column-is-layout-flow\">\n<figure class=\"wp-block-image size-full\"><img loading=\"lazy\" decoding=\"async\" width=\"379\" height=\"252\" src=\"https:\/\/wsmmm-05-25-02.wifiblogs.at\/wp-content\/uploads\/2025\/11\/Bild1-1.png\" alt=\"\" class=\"wp-image-23\" srcset=\"https:\/\/wsmmm-05-25-02.wifiblogs.at\/wp-content\/uploads\/2025\/11\/Bild1-1.png 379w, https:\/\/wsmmm-05-25-02.wifiblogs.at\/wp-content\/uploads\/2025\/11\/Bild1-1-300x199.png 300w\" sizes=\"auto, (max-width: 379px) 100vw, 379px\" \/><\/figure>\n<\/div>\n<\/div>\n\n\n\n<div class=\"wp-block-group has-global-padding is-layout-constrained wp-container-core-group-is-layout-346627ba wp-block-group-is-layout-constrained\">\n<h2 class=\"wp-block-heading has-text-align-center has-xx-large-font-size\" style=\"margin-right:0;margin-left:0;padding-right:0;padding-left:0\">About us<\/h2>\n\n\n\n<p class=\"has-text-align-center\">\u201eIch bin Karoline und ich liebe Hochzeiten, seit ich denken kann.Mit Brautgefl\u00fcster habe ich einen Ort geschaffen, an dem Br\u00e4ute sich verstanden, sch\u00f6n und sicher f\u00fchlen d\u00fcrfen. Bei uns geht es nicht nur um Kleider \u2013 sondern um Emotion, Pers\u00f6nlichkeit und das wundersch\u00f6ne Gef\u00fchl, angekommen zu sein.\u201c<\/p>\n\n\n\n<div class=\"wp-block-buttons is-content-justification-center is-layout-flex wp-container-core-buttons-is-layout-a89b3969 wp-block-buttons-is-layout-flex\">\n<div class=\"wp-block-button\"><a class=\"wp-block-button__link has-contrast-color has-custom-color-1-background-color has-text-color has-background has-link-color wp-element-button\">Mehr erfahren<\/a><\/div>\n<\/div>\n<\/div>\n<\/div>\n\n\n\n<div class=\"wp-block-group alignfull is-style-section-1 has-global-padding is-layout-constrained wp-block-group-is-layout-constrained is-style-section-1--1\" style=\"margin-top:0;margin-bottom:0;padding-top:var(--wp--preset--spacing--80);padding-bottom:var(--wp--preset--spacing--80)\">\n<div class=\"wp-block-group alignfull has-custom-color-4-background-color has-background has-global-padding is-layout-constrained wp-container-core-group-is-layout-ebee8dc1 wp-block-group-is-layout-constrained\" id=\"Leistungen\" style=\"margin-top:0;margin-bottom:0;padding-top:var(--wp--preset--spacing--50);padding-bottom:var(--wp--preset--spacing--50)\">\n<h2 class=\"wp-block-heading alignwide\">Leistungen<\/h2>\n\n\n\n<div class=\"wp-block-columns alignwide is-layout-flex wp-container-core-columns-is-layout-28f84493 wp-block-columns-is-layout-flex\">\n<div class=\"wp-block-column is-layout-flow wp-block-column-is-layout-flow\">\n<figure class=\"wp-block-image size-full\" style=\"margin-bottom:24px\"><img loading=\"lazy\" decoding=\"async\" width=\"446\" height=\"297\" src=\"https:\/\/wsmmm-05-25-02.wifiblogs.at\/wp-content\/uploads\/2025\/11\/Bild2.png\" alt=\"\" class=\"wp-image-22\" style=\"aspect-ratio:4\/3;object-fit:cover\" srcset=\"https:\/\/wsmmm-05-25-02.wifiblogs.at\/wp-content\/uploads\/2025\/11\/Bild2.png 446w, https:\/\/wsmmm-05-25-02.wifiblogs.at\/wp-content\/uploads\/2025\/11\/Bild2-300x200.png 300w\" sizes=\"auto, (max-width: 446px) 100vw, 446px\" \/><\/figure>\n\n\n\n<h3 class=\"wp-block-heading\">Second Hand<\/h3>\n\n\n\n<p class=\"has-medium-font-size\">Wir bieten Second Hand Kleider an.<\/p>\n<\/div>\n\n\n\n<div class=\"wp-block-column is-layout-flow wp-block-column-is-layout-flow\">\n<figure class=\"wp-block-image size-full\" style=\"margin-bottom:24px\"><img loading=\"lazy\" decoding=\"async\" width=\"379\" height=\"252\" src=\"https:\/\/wsmmm-05-25-02.wifiblogs.at\/wp-content\/uploads\/2025\/11\/Bild1.png\" alt=\"\" class=\"wp-image-21\" style=\"aspect-ratio:4\/3;object-fit:cover\" srcset=\"https:\/\/wsmmm-05-25-02.wifiblogs.at\/wp-content\/uploads\/2025\/11\/Bild1.png 379w, https:\/\/wsmmm-05-25-02.wifiblogs.at\/wp-content\/uploads\/2025\/11\/Bild1-300x199.png 300w\" sizes=\"auto, (max-width: 379px) 100vw, 379px\" \/><\/figure>\n\n\n\n<h3 class=\"wp-block-heading\">Ma\u00dfgeschneidert<\/h3>\n\n\n\n<p class=\"has-medium-font-size\">Du m\u00f6chtest Dein eigenes Traumkleid erstellen? Kein Problem, unsere Schneiderinnen zaubern Dir deinen Traum!<\/p>\n<\/div>\n\n\n\n<div class=\"wp-block-column is-layout-flow wp-block-column-is-layout-flow\">\n<figure class=\"wp-block-image size-full\" style=\"margin-bottom:24px\"><img loading=\"lazy\" decoding=\"async\" width=\"417\" height=\"626\" src=\"https:\/\/wsmmm-05-25-02.wifiblogs.at\/wp-content\/uploads\/2025\/11\/Bild3.png\" alt=\"\" class=\"wp-image-27\" style=\"aspect-ratio:4\/3;object-fit:cover\" srcset=\"https:\/\/wsmmm-05-25-02.wifiblogs.at\/wp-content\/uploads\/2025\/11\/Bild3.png 417w, https:\/\/wsmmm-05-25-02.wifiblogs.at\/wp-content\/uploads\/2025\/11\/Bild3-200x300.png 200w\" sizes=\"auto, (max-width: 417px) 100vw, 417px\" \/><\/figure>\n\n\n\n<h3 class=\"wp-block-heading\">Einkaufen<\/h3>\n\n\n\n<p class=\"has-medium-font-size\">Wir verkaufen Kleider von bekannten Marken &#8211; st\u00f6bere durch die Auswahl und genie\u00dfe eine pers\u00f6nliche Beratung auf Augenh\u00f6he.<\/p>\n<\/div>\n<\/div>\n<\/div>\n\n\n\n<div class=\"wp-block-columns alignwide is-layout-flex wp-container-core-columns-is-layout-66fad18a wp-block-columns-is-layout-flex\" id=\"Geschichten\">\n<div class=\"wp-block-column is-layout-flow wp-block-column-is-layout-flow\" style=\"padding-right:var(--wp--preset--spacing--50);flex-basis:45%\">\n<figure class=\"wp-block-image aligncenter size-full\"><img loading=\"lazy\" decoding=\"async\" width=\"379\" height=\"252\" src=\"https:\/\/wsmmm-05-25-02.wifiblogs.at\/wp-content\/uploads\/2025\/11\/Bild1-1.png\" alt=\"\" class=\"wp-image-23\" srcset=\"https:\/\/wsmmm-05-25-02.wifiblogs.at\/wp-content\/uploads\/2025\/11\/Bild1-1.png 379w, https:\/\/wsmmm-05-25-02.wifiblogs.at\/wp-content\/uploads\/2025\/11\/Bild1-1-300x199.png 300w\" sizes=\"auto, (max-width: 379px) 100vw, 379px\" \/><\/figure>\n\n\n\n<div class=\"wp-block-group has-global-padding is-layout-constrained wp-block-group-is-layout-constrained\" style=\"margin-top:-12vw\">\n<figure class=\"wp-block-image alignright size-full is-resized\" style=\"margin-right:-5vw;margin-left:-5vw\"><img loading=\"lazy\" decoding=\"async\" width=\"417\" height=\"626\" src=\"https:\/\/wsmmm-05-25-02.wifiblogs.at\/wp-content\/uploads\/2025\/11\/Bild3.png\" alt=\"\" class=\"wp-image-27\" style=\"width:202px\" srcset=\"https:\/\/wsmmm-05-25-02.wifiblogs.at\/wp-content\/uploads\/2025\/11\/Bild3.png 417w, https:\/\/wsmmm-05-25-02.wifiblogs.at\/wp-content\/uploads\/2025\/11\/Bild3-200x300.png 200w\" sizes=\"auto, (max-width: 417px) 100vw, 417px\" \/><\/figure>\n<\/div>\n<\/div>\n\n\n\n<div class=\"wp-block-column is-vertically-aligned-center is-layout-flow wp-block-column-is-layout-flow\" style=\"padding-right:0;padding-left:0;flex-basis:50%\">\n<div class=\"wp-block-group is-vertical is-layout-flex wp-container-core-group-is-layout-fe9cc265 wp-block-group-is-layout-flex\">\n<h2 class=\"wp-block-heading is-style-text-subtitle has-contrast-color has-custom-color-1-background-color has-text-color has-background has-link-color wp-elements-681e2d10b4b3768edc048d85d5255465 is-style-text-subtitle--2\"><a href=\"https:\/\/wsmmm-05-25-02.wifiblogs.at\/?page_id=26\" data-type=\"page\" data-id=\"26\">Geschichten unserer Br\u00e4ute<\/a><\/h2>\n<\/div>\n\n\n\n<p class=\"is-style-text-subtitle is-style-text-subtitle--3\">Erlebe hautnah einen pers\u00f6nlichen Einblick in den Prozess zum Traumkleid von unseren ehemaligen Kunden!<\/p>\n<\/div>\n<\/div>\n<\/div>\n\n\n\n<div class=\"wp-block-group alignfull has-global-padding is-layout-constrained wp-block-group-is-layout-constrained\" id=\"Terminanfrage\" style=\"margin-top:0;margin-bottom:0;padding-top:var(--wp--preset--spacing--60);padding-bottom:var(--wp--preset--spacing--60)\">\n<div class=\"wp-block-columns alignwide is-layout-flex wp-container-core-columns-is-layout-1d9f35bd wp-block-columns-is-layout-flex\">\n<div class=\"wp-block-column has-border-color is-layout-flow wp-block-column-is-layout-flow\" style=\"border-color:var(--wp--preset--color--accent-6);border-width:1px;border-radius:10px;padding-top:var(--wp--preset--spacing--50);padding-right:var(--wp--preset--spacing--50);padding-bottom:var(--wp--preset--spacing--50);padding-left:var(--wp--preset--spacing--50)\">\n<h3 class=\"wp-block-heading\" id=\"free\">Beratungstermin<\/h3>\n\n\n\n<p class=\"has-large-font-size\">Du m\u00f6chtest mehr von unseren Kleidern sehen?<\/p>\n\n\n\n<p>Du m\u00f6chtest Beratung auf Augenh\u00f6he?<\/p>\n\n\n\n<p>Dann bist du bei Brautgefl\u00fcster genau richtig &#8211; buche jetzt deinen Beratungstermin!<\/p>\n\n\n\n<div class=\"wp-block-buttons is-content-justification-center is-layout-flex wp-container-core-buttons-is-layout-a89b3969 wp-block-buttons-is-layout-flex\">\n<div class=\"wp-block-button has-custom-width wp-block-button__width-100\"><a class=\"wp-block-button__link has-contrast-color has-custom-color-1-background-color has-text-color has-background has-link-color wp-element-button\" href=\"https:\/\/wsmmm-05-25-02.wifiblogs.at\/?page_id=30\">Jetzt Buchen<\/a><\/div>\n<\/div>\n<\/div>\n<\/div>\n<\/div>\n\n\n\n<p><\/p>\n","protected":false},"excerpt":{"rendered":"<p>Herzlich Willkommen bei Brautgefl\u00fcster! About us \u201eIch bin Karoline und ich liebe Hochzeiten, seit ich denken kann.Mit Brautgefl\u00fcster habe ich einen Ort geschaffen, an dem Br\u00e4ute sich verstanden, sch\u00f6n und sicher f\u00fchlen d\u00fcrfen. Bei uns geht es nicht nur um Kleider \u2013 sondern um Emotion, Pers\u00f6nlichkeit und das wundersch\u00f6ne Gef\u00fchl, angekommen zu sein.\u201c Leistungen Second [&hellip;]<\/p>\n","protected":false},"author":1,"featured_media":0,"parent":0,"menu_order":0,"comment_status":"closed","ping_status":"closed","template":"page-no-title","meta":{"footnotes":""},"class_list":["post-11","page","type-page","status-publish","hentry"],"yoast_head":"<!-- This site is optimized with the Yoast SEO plugin v26.1.1 - https:\/\/yoast.com\/wordpress\/plugins\/seo\/ -->\n<title>Herzlich Willkommen! - Karoline Lepold - WSMMM<\/title>\n<meta name=\"robots\" content=\"index, follow, max-snippet:-1, max-image-preview:large, max-video-preview:-1\" \/>\n<link rel=\"canonical\" href=\"https:\/\/wsmmm-05-25-02.wifiblogs.at\/?page_id=11\" \/>\n<meta property=\"og:locale\" content=\"de_DE\" \/>\n<meta property=\"og:type\" content=\"article\" \/>\n<meta property=\"og:title\" content=\"Herzlich Willkommen! - Karoline Lepold - WSMMM\" \/>\n<meta property=\"og:description\" content=\"Herzlich Willkommen bei Brautgefl\u00fcster! About us \u201eIch bin Karoline und ich liebe Hochzeiten, seit ich denken kann.Mit Brautgefl\u00fcster habe ich einen Ort geschaffen, an dem Br\u00e4ute sich verstanden, sch\u00f6n und sicher f\u00fchlen d\u00fcrfen. Bei uns geht es nicht nur um Kleider \u2013 sondern um Emotion, Pers\u00f6nlichkeit und das wundersch\u00f6ne Gef\u00fchl, angekommen zu sein.\u201c Leistungen Second [&hellip;]\" \/>\n<meta property=\"og:url\" content=\"https:\/\/wsmmm-05-25-02.wifiblogs.at\/?page_id=11\" \/>\n<meta property=\"og:site_name\" content=\"Karoline Lepold - WSMMM\" \/>\n<meta property=\"article:modified_time\" content=\"2025-11-08T13:16:50+00:00\" \/>\n<meta property=\"og:image\" content=\"https:\/\/wsmmm-05-25-02.wifiblogs.at\/wp-content\/uploads\/2025\/11\/Bild2.png\" \/>\n\t<meta property=\"og:image:width\" content=\"446\" \/>\n\t<meta property=\"og:image:height\" content=\"297\" \/>\n\t<meta property=\"og:image:type\" content=\"image\/png\" \/>\n<meta name=\"twitter:card\" content=\"summary_large_image\" \/>\n<meta name=\"twitter:label1\" content=\"Gesch\u00e4tzte Lesezeit\" \/>\n\t<meta name=\"twitter:data1\" content=\"1\u00a0Minute\" \/>\n<script type=\"application\/ld+json\" class=\"yoast-schema-graph\">{\"@context\":\"https:\/\/schema.org\",\"@graph\":[{\"@type\":\"WebPage\",\"@id\":\"https:\/\/wsmmm-05-25-02.wifiblogs.at\/?page_id=11\",\"url\":\"https:\/\/wsmmm-05-25-02.wifiblogs.at\/?page_id=11\",\"name\":\"Herzlich Willkommen! - Karoline Lepold - WSMMM\",\"isPartOf\":{\"@id\":\"https:\/\/wsmmm-05-25-02.wifiblogs.at\/#website\"},\"primaryImageOfPage\":{\"@id\":\"https:\/\/wsmmm-05-25-02.wifiblogs.at\/?page_id=11#primaryimage\"},\"image\":{\"@id\":\"https:\/\/wsmmm-05-25-02.wifiblogs.at\/?page_id=11#primaryimage\"},\"thumbnailUrl\":\"https:\/\/wsmmm-05-25-02.wifiblogs.at\/wp-content\/uploads\/2025\/11\/Bild2.png\",\"datePublished\":\"2025-11-07T20:15:02+00:00\",\"dateModified\":\"2025-11-08T13:16:50+00:00\",\"breadcrumb\":{\"@id\":\"https:\/\/wsmmm-05-25-02.wifiblogs.at\/?page_id=11#breadcrumb\"},\"inLanguage\":\"de\",\"potentialAction\":[{\"@type\":\"ReadAction\",\"target\":[\"https:\/\/wsmmm-05-25-02.wifiblogs.at\/?page_id=11\"]}]},{\"@type\":\"ImageObject\",\"inLanguage\":\"de\",\"@id\":\"https:\/\/wsmmm-05-25-02.wifiblogs.at\/?page_id=11#primaryimage\",\"url\":\"https:\/\/wsmmm-05-25-02.wifiblogs.at\/wp-content\/uploads\/2025\/11\/Bild2.png\",\"contentUrl\":\"https:\/\/wsmmm-05-25-02.wifiblogs.at\/wp-content\/uploads\/2025\/11\/Bild2.png\",\"width\":446,\"height\":297},{\"@type\":\"BreadcrumbList\",\"@id\":\"https:\/\/wsmmm-05-25-02.wifiblogs.at\/?page_id=11#breadcrumb\",\"itemListElement\":[{\"@type\":\"ListItem\",\"position\":1,\"name\":\"Startseite\",\"item\":\"https:\/\/wsmmm-05-25-02.wifiblogs.at\/\"},{\"@type\":\"ListItem\",\"position\":2,\"name\":\"Herzlich Willkommen!\"}]},{\"@type\":\"WebSite\",\"@id\":\"https:\/\/wsmmm-05-25-02.wifiblogs.at\/#website\",\"url\":\"https:\/\/wsmmm-05-25-02.wifiblogs.at\/\",\"name\":\"Karoline Lepold - WSMMM\",\"description\":\"\",\"publisher\":{\"@id\":\"https:\/\/wsmmm-05-25-02.wifiblogs.at\/#organization\"},\"potentialAction\":[{\"@type\":\"SearchAction\",\"target\":{\"@type\":\"EntryPoint\",\"urlTemplate\":\"https:\/\/wsmmm-05-25-02.wifiblogs.at\/?s={search_term_string}\"},\"query-input\":{\"@type\":\"PropertyValueSpecification\",\"valueRequired\":true,\"valueName\":\"search_term_string\"}}],\"inLanguage\":\"de\"},{\"@type\":\"Organization\",\"@id\":\"https:\/\/wsmmm-05-25-02.wifiblogs.at\/#organization\",\"name\":\"Karoline Lepold - WSMMM\",\"url\":\"https:\/\/wsmmm-05-25-02.wifiblogs.at\/\",\"logo\":{\"@type\":\"ImageObject\",\"inLanguage\":\"de\",\"@id\":\"https:\/\/wsmmm-05-25-02.wifiblogs.at\/#\/schema\/logo\/image\/\",\"url\":\"https:\/\/wsmmm-05-25-02.wifiblogs.at\/wp-content\/uploads\/2025\/11\/Logo-1.png\",\"contentUrl\":\"https:\/\/wsmmm-05-25-02.wifiblogs.at\/wp-content\/uploads\/2025\/11\/Logo-1.png\",\"width\":339,\"height\":200,\"caption\":\"Karoline Lepold - WSMMM\"},\"image\":{\"@id\":\"https:\/\/wsmmm-05-25-02.wifiblogs.at\/#\/schema\/logo\/image\/\"}}]}<\/script>\n<!-- \/ Yoast SEO plugin. -->","yoast_head_json":{"title":"Herzlich Willkommen! - Karoline Lepold - WSMMM","robots":{"index":"index","follow":"follow","max-snippet":"max-snippet:-1","max-image-preview":"max-image-preview:large","max-video-preview":"max-video-preview:-1"},"canonical":"https:\/\/wsmmm-05-25-02.wifiblogs.at\/?page_id=11","og_locale":"de_DE","og_type":"article","og_title":"Herzlich Willkommen! - Karoline Lepold - WSMMM","og_description":"Herzlich Willkommen bei Brautgefl\u00fcster! About us \u201eIch bin Karoline und ich liebe Hochzeiten, seit ich denken kann.Mit Brautgefl\u00fcster habe ich einen Ort geschaffen, an dem Br\u00e4ute sich verstanden, sch\u00f6n und sicher f\u00fchlen d\u00fcrfen. Bei uns geht es nicht nur um Kleider \u2013 sondern um Emotion, Pers\u00f6nlichkeit und das wundersch\u00f6ne Gef\u00fchl, angekommen zu sein.\u201c Leistungen Second [&hellip;]","og_url":"https:\/\/wsmmm-05-25-02.wifiblogs.at\/?page_id=11","og_site_name":"Karoline Lepold - WSMMM","article_modified_time":"2025-11-08T13:16:50+00:00","og_image":[{"width":446,"height":297,"url":"https:\/\/wsmmm-05-25-02.wifiblogs.at\/wp-content\/uploads\/2025\/11\/Bild2.png","type":"image\/png"}],"twitter_card":"summary_large_image","twitter_misc":{"Gesch\u00e4tzte Lesezeit":"1\u00a0Minute"},"schema":{"@context":"https:\/\/schema.org","@graph":[{"@type":"WebPage","@id":"https:\/\/wsmmm-05-25-02.wifiblogs.at\/?page_id=11","url":"https:\/\/wsmmm-05-25-02.wifiblogs.at\/?page_id=11","name":"Herzlich Willkommen! - Karoline Lepold - WSMMM","isPartOf":{"@id":"https:\/\/wsmmm-05-25-02.wifiblogs.at\/#website"},"primaryImageOfPage":{"@id":"https:\/\/wsmmm-05-25-02.wifiblogs.at\/?page_id=11#primaryimage"},"image":{"@id":"https:\/\/wsmmm-05-25-02.wifiblogs.at\/?page_id=11#primaryimage"},"thumbnailUrl":"https:\/\/wsmmm-05-25-02.wifiblogs.at\/wp-content\/uploads\/2025\/11\/Bild2.png","datePublished":"2025-11-07T20:15:02+00:00","dateModified":"2025-11-08T13:16:50+00:00","breadcrumb":{"@id":"https:\/\/wsmmm-05-25-02.wifiblogs.at\/?page_id=11#breadcrumb"},"inLanguage":"de","potentialAction":[{"@type":"ReadAction","target":["https:\/\/wsmmm-05-25-02.wifiblogs.at\/?page_id=11"]}]},{"@type":"ImageObject","inLanguage":"de","@id":"https:\/\/wsmmm-05-25-02.wifiblogs.at\/?page_id=11#primaryimage","url":"https:\/\/wsmmm-05-25-02.wifiblogs.at\/wp-content\/uploads\/2025\/11\/Bild2.png","contentUrl":"https:\/\/wsmmm-05-25-02.wifiblogs.at\/wp-content\/uploads\/2025\/11\/Bild2.png","width":446,"height":297},{"@type":"BreadcrumbList","@id":"https:\/\/wsmmm-05-25-02.wifiblogs.at\/?page_id=11#breadcrumb","itemListElement":[{"@type":"ListItem","position":1,"name":"Startseite","item":"https:\/\/wsmmm-05-25-02.wifiblogs.at\/"},{"@type":"ListItem","position":2,"name":"Herzlich Willkommen!"}]},{"@type":"WebSite","@id":"https:\/\/wsmmm-05-25-02.wifiblogs.at\/#website","url":"https:\/\/wsmmm-05-25-02.wifiblogs.at\/","name":"Karoline Lepold - WSMMM","description":"","publisher":{"@id":"https:\/\/wsmmm-05-25-02.wifiblogs.at\/#organization"},"potentialAction":[{"@type":"SearchAction","target":{"@type":"EntryPoint","urlTemplate":"https:\/\/wsmmm-05-25-02.wifiblogs.at\/?s={search_term_string}"},"query-input":{"@type":"PropertyValueSpecification","valueRequired":true,"valueName":"search_term_string"}}],"inLanguage":"de"},{"@type":"Organization","@id":"https:\/\/wsmmm-05-25-02.wifiblogs.at\/#organization","name":"Karoline Lepold - WSMMM","url":"https:\/\/wsmmm-05-25-02.wifiblogs.at\/","logo":{"@type":"ImageObject","inLanguage":"de","@id":"https:\/\/wsmmm-05-25-02.wifiblogs.at\/#\/schema\/logo\/image\/","url":"https:\/\/wsmmm-05-25-02.wifiblogs.at\/wp-content\/uploads\/2025\/11\/Logo-1.png","contentUrl":"https:\/\/wsmmm-05-25-02.wifiblogs.at\/wp-content\/uploads\/2025\/11\/Logo-1.png","width":339,"height":200,"caption":"Karoline Lepold - WSMMM"},"image":{"@id":"https:\/\/wsmmm-05-25-02.wifiblogs.at\/#\/schema\/logo\/image\/"}}]}},"_links":{"self":[{"href":"https:\/\/wsmmm-05-25-02.wifiblogs.at\/index.php?rest_route=\/wp\/v2\/pages\/11","targetHints":{"allow":["GET"]}}],"collection":[{"href":"https:\/\/wsmmm-05-25-02.wifiblogs.at\/index.php?rest_route=\/wp\/v2\/pages"}],"about":[{"href":"https:\/\/wsmmm-05-25-02.wifiblogs.at\/index.php?rest_route=\/wp\/v2\/types\/page"}],"author":[{"embeddable":true,"href":"https:\/\/wsmmm-05-25-02.wifiblogs.at\/index.php?rest_route=\/wp\/v2\/users\/1"}],"replies":[{"embeddable":true,"href":"https:\/\/wsmmm-05-25-02.wifiblogs.at\/index.php?rest_route=%2Fwp%2Fv2%2Fcomments&post=11"}],"version-history":[{"count":22,"href":"https:\/\/wsmmm-05-25-02.wifiblogs.at\/index.php?rest_route=\/wp\/v2\/pages\/11\/revisions"}],"predecessor-version":[{"id":81,"href":"https:\/\/wsmmm-05-25-02.wifiblogs.at\/index.php?rest_route=\/wp\/v2\/pages\/11\/revisions\/81"}],"wp:attachment":[{"href":"https:\/\/wsmmm-05-25-02.wifiblogs.at\/index.php?rest_route=%2Fwp%2Fv2%2Fmedia&parent=11"}],"curies":[{"name":"wp","href":"https:\/\/api.w.org\/{rel}","templated":true}]}}